5*v - 1. Let n be 0/(-8) + (1 - 1). Let l be (0 + 3 + 130/(-40))*0. Suppose n = 3*y + 3*h, l*y - 3*h = 2*y - 5. What is m(y)?
-1
Let j be (-4069)/1878*(2 + -8*1). Let q(w) = -w**3 + 12*w**2 + 8*w + 54. Calculate q(j).
-11
Suppose 11 = -3*b + 4*l, 3*b + 4*l = b - 14. Let o(v) = 4 - 7*v - 6 + 35382*v**2 - 35383*v**2. Calculate o(b).
8
Let f be (-42)/14*312/(-117). Let x(u) = -u**3 - 4*u**2 + 94*u + 9. Determine x(f).
-7
Let b(n) = n**2 - 13*n + 8. Let w(d) be the second derivative of d**4/4 - 13*d**3/2 + 23*d**2/2 - 65*d. Let a(g) = 17*b(g) - 6*w(g). Determine a(13).
-2
Suppose 4*d - 24 - 32 = 0. Suppose u + d = -0*u - 4*k, 3*u + 3*k = -6. Suppose 2 + 4 = 2*f + 3*s, u*f = 3*s + 18. Let q(a) = -3*a + 8. Determine q(f).
-10
Let l(i) = -5*i + 2. Let h(u) = -7 - 3*u - 2*u**3 + 4*u + u**3 + 2*u - 4*u**2. Suppose -48 = 3*b + 5*j - 8, 4*j + 45 = -5*b. Let w be h(b). Calculate l(w).
-13
Let w(g) be the third derivative of g**5/60 + 2*g**3 - 81*g**2. Suppose -2*x = -4*q + 8, -4*x = -5*q + 9 + 1. Let n be (q + -2)/((-12)/3). Calculate w(n).
12
Let z(x) = x**2 - 8*x - 1. Let v(o) = -3*o**2 + 23*o + 4. Let r(p) = 3*v(p) + 8*z(p). Let t = 1117 - 1108. What is r(t)?
-32
Let d = -4 - -3. Let f(g) be the third derivative of -13*g**4/24 - 2*g**3/3 + 2*g**2 + 29*g. Let z(c) = 7*c + 2. Let i(b) = -6*f(b) - 11*z(b). What is i(d)?
1
Let n be (-237)/15 - 1/5. Let h = n + 18. Suppose j + 19 = -3*q, h*j - 37 = 5*q + 2. Let s(i) = -i**3 - 8*i**2 - 6*i + 4. What is s(q)?
-3
Let q(n) = -n**3 - 5*n**2 + 7*n + 7. Let f be q(-6). Let g(a) = -136*a + 1158. Let m(i) = -17*i + 139. Let b(j) = -3*g(j) + 25*m(j). Determine b(f).
-16
Let s(t) = 5*t**2 - 7*t - 34. Let q(h) = 2*h**2 - 4*h - 6. Let l(f) = -f**2 + 2*f + 4. Let o(p) = 5*l(p) + 2*q(p). Let d(m) = 9*o(m) + 2*s(m). Give d(-4).
4
Let p(a) = -2*a**2 - 21*a + 33. Let i(c) = -3*c**2 - 31*c + 49. Let l = 115 + -120. Let y(r) = l*i(r) + 8*p(r). Determine y(-14).
5
Suppose 6*r + 4 = 16. Let j(n) = -r*n + 26 + 3*n - 4*n - 23 + 3*n**2 + 0*n. What is j(2)?
9
Let t(c) be the first derivative of c**3/3 + 21*c**2/2 - 20*c + 165. Let g be t(-22). Let x(q) = -q**2 + 4*q - 1. Give x(g).
3
Let g(m) = 1 + 0 + 2*m**2 + 5*m + 21*m - 18*m - 3*m**2. Determine g(8).
1
Let h(r) = r**2 + 2*r + 1. Let m be h(-1). Suppose m = -n + 6 - 7. Let b(d) = -2*d**2 + d. Calculate b(n).
-3
Let a(v) be the second derivative of -v**4/12 - 4*v**3/3 + v**2/2 - 2*v. Suppose 13*d = 4*p + 18*d + 33, -p = -7*d. Calculate a(p).
8
Let q(t) = 5*t. Let r(z) = -2*z**3 - 17*z**2 + 22*z + 111. Let g be r(-9). Determine q(g).
-30
Let j be 3/4*(2 + 2). Suppose j*u = k - 2, 9*k - 14 = 10*k + u. Let f(t) = t + 1. Calculate f(k).
-9
Let o(w) = 49*w**2 + 21*w - 15. Let n(z) = 115*z**2 + 44*z - 29. Let r(a) = 3*n(a) - 7*o(a). What is r(6)?
0
Let v be 1*(-1 + 5 + -1). Let x be 7/v - (-4)/(-12). Suppose -2*u = -x*c + u + 6, -3*u = 0. Let m(y) = -y**2 + 4*y. What is m(c)?
3
Let m(l) = -21893*l + 43787. Let q be m(2). Let p(u) be the first derivative of -3*u**2/2 - 1. What is p(q)?
-3
Let o(u) be the first derivative of -2*u**3/3 - 9*u**2 + 10*u + 572. Give o(-8).
26
Let h(q) = -2*q**3 - 2*q**2 - 3*q - 3. Let x = 31256 + -31253. Calculate h(x).
-84
Suppose 784 = -362*i - 2112. Let r(m) be the first derivative of -m**5/120 - 3*m**4/8 + m**3/3 - 2. Let n(a) be the third derivative of r(a). Give n(i).
-1
Suppose 16*h + 31 = -33. Let t(o) = -o - 18. Let r(w) = -3*w - 52. Let j(v) = h*r(v) + 11*t(v). Calculate j(-8).
2
Let y(z) = -17*z**2 + 2 - 17*z + 7 + 10*z**2 + 16*z**2 - 6*z**2. Determine y(5).
-1
Let c(y) = 28 - 4*y + 17 - 93 + y**2 + 27 + 18. Let l(q) = q**3 - 2*q - 1. Let o be l(2). Give c(o).
-6
Let k(o) = -o + 20. Let c = 12 + 5. Let l be k(c). Let i(y) = 5*y**2 + 2*y**3 - 3 + 4*y - y**3 - 4*y**l + 4*y**3. Determine i(-4).
-3
Suppose -39 = 5*j + 3*h + 17, 4*j + 5*h + 50 = 0. Let o be (j - -8 - (0 + 0))*-2. Let v(x) = 0*x**2 + 4*x**2 - 3*x + 5*x - x**3 - 5. What is v(o)?
3
Let r be ((-56)/10)/7*5/(-2). Let k(p) be the first derivative of -p**3/2 - p**2/2 - 7*p - 22. Let n(g) be the first derivative of k(g). Determine n(r).
-7
Let a(w) be the first derivative of w**3/3 + 6*w**2 - 63*w + 1711. Calculate a(4).
1
Let h(c) = -3*c + 4*c + 1 + 3*c. Let g be (1 + 4)/(-4 - -3). Let r be (-18)/(-2 - g) + 5. What is h(r)?
-3
Suppose 3*j + 3*k - 30 = 0, 34*j - 35*j - 22 = -3*k. Let m(r) be the second derivative of 0 + 22*r - r**j - 1/12*r**4 + 1/3*r**3. Determine m(2).
-2
Let j(x) = 62*x**2 - 6*x - 4. Let i be j(-1). Suppose -30*s = -22*s - i. Let k(v) = -v**2 + 8*v - 10. Give k(s).
-10
Let c(r) = r - 4*r + 0*r + r**2 + 3. Let p be (-21)/(-12) - (0 + -3)*215/516. Calculate c(p).
3
Let s = -4 - -8. Let p = s - 2. Let d(h) be the first derivative of h**4/2 - 2*h**3/3 - h**2/2 - 2*h - 711. Calculate d(p).
4
Let u(z) = -z - 13. Suppose -2*d + 3*d - 5 = 0. Suppose -5*k - 25 = 0, -3*k + 0*k - 186 = -3*l. Let c be l/95 + (-38)/d. What is u(c)?
-6
Suppose 0 = -h - 5*v + 23, -46 = -10*h + 8*h - 4*v. Let y = h + -22. Let p(f) = 2 + 494*f**2 - 495*f**2 - y. Give p(1).
0
Let m(z) = 11*z - 9. Let p(l) = 10*l - 8. Suppose -5*n = 5*h - 4 - 1, -2*n = -4*h + 34. Let c(r) = h*m(r) - 7*p(r). Determine c(3).
-10
Suppose 2*t = 3*q + 4, -123*q + 118*q + 74 = 4*t. Let d(h) = -106*h + 1165. Determine d(t).
-1
Let r(k) = k**3 + 8*k**2 + 8*k - 4. Let f be (52 - 43)*2/(-3). Determine r(f).
20
Suppose 5*t - 2*k - 33 = 0, 0*t = 2*t + 2*k - 16. Let z(y) = -y - 7*y + t*y - 13. Let o(n) = n**3 - n**2 - n - 7. Let p be o(0). Give z(p).
-6
Suppose 5*c = -3*l, 356*c + 2*l = 359*c + 19. Let y(r) = r**3 + 2*r**2 - 9*r - 14. What is y(c)?
4
Let c(f) = -5*f - 4. Let o = 238 - -126. Let y be (-208)/o - 17/7. What is c(y)?
11
Let x(q) be the second derivative of -1/2*q**5 + 1/6*q**4 + 1/2*q**2 - 24*q + 1 + 1/3*q**3. Determine x(-1).
11
Let v(p) = 5 + 48*p**2 - 6 - 27*p**2 + 8 - 16*p**2 + p**3 + 7*p. Determine v(-4).
-5
Let y(h) be the third derivative of h**6/720 + h**5/30 + h**4/4 + 5*h**3/6 - 6*h**2 + 2. Let q(w) be the second derivative of y(w). What is q(-3)?
1
Let o(h) be the second derivative of h**4/3 + h**3/3 + h**2/2 + 7*h + 229. Give o(-2).
13
Let t(o) = 4*o + 18 + 1 - 2*o - 39. Suppose 39 = -12*c + 183. Calculate t(c).
4
Let x(t) be the third derivative of -t**4/12 - 11*t**3/6 + t**2. Let u(n) = n**3 + 176*n**2 + 5037*n - 420. Let o be u(-140). Give x(o).
-11
Let w(k) = -3*k**2 + 9*k + 395. Let q(d) = 2*d**2 - 5*d - 199. Let i(z) = 11*q(z) + 6*w(z). Let t(f) be the first derivative of i(f). Determine t(2).
15
Let v(j) = j - 30. Let k be 24 + (-269 + 263)*(-1 - -2). Determine v(k).
-12
Let i(b) = 189*b - 1888. Let s be i(10). Let l(o) be the third derivative of -1/4*o**4 - 18*o**s + 1/60*o**5 + 0 - 5/6*o**3 + 0*o. Calculate l(5).
-10
Let l(w) = -2*w + 122. Let q be l(33). Suppose -q + 20 = -6*d. Let h(f) = -f**2 + 5*f + 7. Give h(d).
1
Let v(a) = 3 - 8 - 3*a + 9 + a**2. Let w = 2077 - 2075. Calculate v(w).
2
Let w(c) be the second derivative of -c**5/20 - c**3/6 - 7*c**2 + c. Let f be ((-18)/(-24))/(6/40). Suppose -4*h + 3 = -x, 0 = f*x + 5 + 10. What is w(h)?
-14
Let g(c) be the first derivative of -c**4/4 - 2*c**3/3 + 5*c**2 + 13*c - 3495. Calculate g(-3).
-8
Suppose -5*q = -3*j - 14, 10 = 2*j + 5*q - 14. Let i(s) = 152 - 301 - s**3 + 2*s**j + s + 147. What is i(2)?
0
Let q(i) = i**2 + 4*i - 8. Let s = 131 - 67. Suppose 0 = -2*x + 286 - s. Let u = x + -117. Determine q(u).
4
Let i(d) be the second derivative of -2*d**3/3 - d**2/2 - 2*d. Let j(g) = g**3 - g**2 + 4*g - 2. Suppose -68 = 5*r - 73. Let b be j(r). What is i(b)?
-9
Let g(c) = -c - 5. Suppose -2*d + 3*i = i + 14, 3*i + 9 = -3*d. Let x = -10 - d. Let l(f) = -f - 5. Let h(m) = x*g(m) + 4*l(m). Give h(-6).
-1
Let w be 5*(-10)/20*104/20. Let p(k) = 8 + 9 - 1 + k - 5. Give p(w).
-2
Let l(k) = k**3 + 3*k**2 - k - 2. Let q = -503 + 510. Let g(b) = b - 11. Let u be g(q). Calculate l(u).
-14
Let u(h) = -3*h**3 + 2*h**2 + 3*h - 3. Suppose -2*j = 13*j - 75. Let b = -7 + 12. Suppose b*d + j = 15. Determine u(d).
-13
Let z(h) be the first derivative of h**3/2 + 4*h**2 - 12*h - 81. Let j(g) be the first derivative of z(g). Give j(-6).
-10
Let t(o) be the second derivative of o**4/12 - 13*o**3/6 + 17*o**2 + 1170*o. What is t(9)?
-2
Let n(v) = -39*v - 662. Let y be n(-17).